greatest common factor of 25 and 215?
5
Calculate the greatest common divisor of 40 and 32.
8
Calculate the greatest common factor of 330 and 297.
33
Calculate the highest common factor of 578 and 34.
34
What is the highest common factor of 24 and 1110?
6
What is the highest common factor of 92 and 15548?
92
Calculate the highest common factor of 316 and 20.
4
Calculate the highest common divisor of 8 and 20.
4
What is the highest common factor of 220 and 40?
20
What is the highest common divisor of 9638 and 122?
122
What is the greatest common divisor of 981 and 189?
9
What is the greatest common divisor of 40205 and 110?
55
Calculate the greatest common divisor of 3738 and 4628.
178
Calculate the greatest common divisor of 41188 and 28.
28
What is the highest common factor of 200 and 650?
50
Calculate the highest common divisor of 22 and 3157.
11
What is the highest common factor of 58 and 1450?
58
Calculate the highest common factor of 18 and 14.
2
Calculate the greatest common factor of 399 and 3059.
133
What is the highest common factor of 1339 and 26?
13
What is the greatest common divisor of 7 and 6265?
7
Calculate the greatest common divisor of 57337 and 7.
7
Calculate the greatest common divisor of 438 and 6.
6
Calculate the greatest common divisor of 1337 and 3438.
191
Calculate the highest common factor of 11868 and 72.
12
What is the highest common divisor of 87 and 4031?
29
What is the highest common divisor of 16 and 184?
8
What is the highest common factor of 141 and 3?
3
Calculate the greatest common factor of 20384 and 56.
56
Calculate the greatest common factor of 1274 and 884.
26
What is the highest common divisor of 819 and 8463?
273
Calculate the highest common divisor of 666 and 8325.
333
Calculate the greatest common factor of 15 and 2885.
5
Calculate the greatest common divisor of 22 and 7931.
11
What is the greatest common factor of 2574 and 99?
99
What is the greatest common divisor of 15 and 885?
15
Calculate the greatest common factor of 598 and 182.
26
Calculate the highest common divisor of 2835 and 840.
105
Calculate the highest common factor of 504 and 162.
18
What is the greatest common factor of 20 and 380?
20
Calculate the highest common divisor of 204 and 36.
12
Calculate the greatest common divisor of 2 and 46.
2
Calculate the greatest common factor of 67 and 11591.
67
What is the greatest common divisor of 2976 and 434?
62
What is the greatest common divisor of 12187 and 21?
7
What is the highest common factor of 3 and 1299?
3
Calculate the greatest common factor of 184 and 8.
8
What is the highest common divisor of 14985 and 370?
185
Calculate the greatest common divisor of 128 and 400.
16
What is the highest common factor of 189 and 3843?
63
Calculate the greatest common factor of 333 and 36.
9
Calculate the highest common divisor of 88 and 11.
11
What is the greatest common factor of 4225 and 13?
13
Calculate the highest common divisor of 4 and 72.
4
Calculate the greatest common factor of 15 and 100335.
15
Calculate the greatest common factor of 2652 and 1224.
204
What is the highest common factor of 23 and 1541?
23
Calculate the highest common factor of 10298 and 38.
38
Calculate the highest common factor of 649 and 177.
59
What is the greatest common divisor of 1519 and 31?
31
What is the highest common divisor of 117 and 6?
3
What is the highest common divisor of 372 and 93?
93
What is the highest common divisor of 22 and 19976?
22
What is the highest common divisor of 1694 and 14?
14
Calculate the highest common divisor of 318 and 48.
6
What is the greatest common factor of 72 and 32?
8
Calculate the highest common divisor of 195 and 3315.
195
What is the greatest common factor of 2425 and 75?
25
What is the greatest common factor of 19209 and 285?
57
Calculate the highest common divisor of 70 and 1650.
10
Calculate the greatest common factor of 32 and 48.
16
What is the highest common factor of 8 and 296?
8
Calculate the highest common divisor of 645 and 30.
15
What is the greatest common divisor of 66 and 264?
66
What is the highest common divisor of 18 and 1629?
9
What is the highest common factor of 16875 and 125?
125
Calculate the greatest common factor of 12001 and 11.
11
What is the greatest common divisor of 370 and 10?
10
Calculate the highest common divisor of 50 and 15.
5
Calculate the highest common factor of 493 and 2363.
17
What is the greatest common divisor of 224 and 14?
14
Calculate the highest common divisor of 15 and 162.
3
What is the highest common divisor of 84 and 714?
42
Calculate the highest common divisor of 9 and 141.
3
What is the highest common factor of 324 and 13932?
324
Calculate the highest common factor of 4439 and 23.
23
What is the greatest common factor of 18 and 126?
18
What is the greatest common factor of 6 and 4956?
6
What is the greatest common divisor of 381 and 3?
3
What is the greatest common divisor of 729 and 27?
27
Calculate the greatest common divisor of 381 and 13081.
127
Calculate the highest common divisor of 34 and 765.
17
What is the highest common factor of 592 and 111?
37
Calculate the highest common divisor of 62 and 26.
2
What is the greatest common factor of 24 and 147?
3
What is the highest common divisor of 14 and 4417?
7
Calculate the greatest common factor of 12 and 6.
6
Calculate the greatest common divisor of 44 and 396.
44
What is the greatest common factor of 54 and 16?
2
What is the highest common divisor of 567 and 19089?
189
What is the greatest common factor of 663 and 39?
39
Calculate the highest common factor of 210 and 126.
42
Calculate the highest common divisor of 69 and 4416.
69
Calculate the greatest common divisor of 728 and 4576.
104
What is the greatest common divisor of 261 and 29?
29
Calculate the highest common factor of 1015 and 70.
35
What is the greatest common divisor of 174 and 12?
6
Calculate the greatest common factor of 920 and 1656.
184
Calculate the highest common divisor of 2489 and 19.
19
What is the highest common divisor of 375 and 3625?
125
Calculate the greatest common divisor of 60 and 510.
30
What is the greatest common factor of 155 and 31?
31
What is the highest common divisor of 67 and 5?
1
What is the highest common divisor of 44 and 99?
11
Calculate the greatest common divisor of 871 and 65.
13
What is the highest common divisor of 14 and 14?
14
Calculate the greatest common factor of 1804 and 132.
44
Calculate the greatest common factor of 4147 and 143.
143
What is the highest common factor of 96 and 3024?
48
Calculate the highest common factor of 55 and 385.
55
What is the highest common divisor of 30 and 240?
30
Calculate the greatest common factor of 35 and 553.
7
Calculate the highest common factor of 2529 and 54.
9
What is the highest common factor of 63 and 3108?
21
Calculate the greatest common divisor of 304 and 32.
16
What is the greatest common factor of 1363 and 29?
29
What is the highest common factor of 145 and 522?
29
What is the highest common divisor of 80 and 120?
40
What is the greatest common factor of 9113 and 13?
13
What is the highest common divisor of 4761 and 46?
23
What is the highest common factor of 300 and 2250?
150
Calculate the greatest common divisor of 402 and 66.
6
What is the greatest common factor of 570 and 2166?
114
Calculate the greatest common factor of 168 and 10.
2
What is the greatest common factor of 3131 and 279?
31
What is the greatest common factor of 414 and 18?
18
What is the greatest common factor of 12392 and 8?
8
Calculate the greatest common divisor of 171 and 18.
9
What is the greatest common divisor of 14 and 182?
14
Calculate the highest common factor of 102 and 54.
6
Calculate the highest common divisor of 5 and 1165.
5
What is the greatest common factor of 12 and 16?
4
What is the highest common divisor of 28 and 434?
14
Calculate the highest common factor of 96 and 6.
6
Calculate the highest common factor of 48 and 25152.
48
Calculate the highest common divisor of 72 and 180.
36
What is the highest common divisor of 10 and 5182?
2
What is the greatest common factor of 588 and 112?
28
Calculate the highest common divisor of 440 and 176.
88
What is the greatest common divisor of 242 and 14278?
242
Calculate the greatest common divi